{"id":2393,"date":"2022-12-15T11:33:00","date_gmt":"2022-12-15T10:33:00","guid":{"rendered":"https:\/\/multipub.re\/?post_type=product&#038;p=2393"},"modified":"2023-05-16T13:34:30","modified_gmt":"2023-05-16T11:34:30","slug":"mise-en-page","status":"publish","type":"product","link":"https:\/\/multipub.re\/index.php\/produit\/mise-en-page\/","title":{"rendered":"Mise en page"},"content":{"rendered":"<p><b>Vous avez tous les \u00e9l\u00e9ments mais vous ne savez pas comment les placer ? <\/b>Nos graphistes s&rsquo;en occupent ! Envoyez-nous votre r\u00e9dactionnel, vos images et votre logo&#8230; et on met tout \u00e7a en forme ! Laissez-nous trouver le meilleur moyen de valoriser vos images, tout en conservant une lisibilit\u00e9 optimale. Composition, sens de lecture, clart\u00e9, impact visuel&#8230; on passe tout en revue !<\/p>\n<p><strong>Chez MultiPub.re,<\/strong> nous proposons un service de mise en page de qualit\u00e9 pour vous assurer que vos documents sont pr\u00e9sent\u00e9s de mani\u00e8re attractive et claire. Nous mettons \u00e0 votre disposition une \u00e9quipe de professionnels exp\u00e9riment\u00e9s qui sauront mettre en valeur votre contenu tout en respectant votre charte graphique.<\/p>\n<p>Que vous ayez besoin de mise en page pour vos brochures, vos plaquettes commerciales, vos catalogues ou tout autre type de document, nous avons l&rsquo;expertise n\u00e9cessaire pour r\u00e9pondre \u00e0 vos besoins. On s&rsquo;adapte \u00e0 tous vos besoins : de la cr\u00e9ation de maquettes \u00e0 la mise en forme de documents existants !<\/p>\n<p><strong>Vous n&rsquo;avez pas d&rsquo;image ?<\/strong> S\u00e9lectionnez celles qui vous plaisent sur la banque d&rsquo;image <a href=\"https:\/\/www.shutterstock.com\/fr\/\">Shutterstock<\/a> Notre abonnement illimit\u00e9 vous donnera acc\u00e8s \u00e0 toutes les images du site.<\/p>\n","protected":false},"excerpt":{"rendered":"<p>A quoi bon \u00eatre bien \u00e9quip\u00e9 si on ne sait pas quoi en faire&#8230;<\/p>\n","protected":false},"featured_media":2411,"template":"","meta":{"site-sidebar-layout":"default","site-content-layout":"default","ast-site-content-layout":"default","site-content-style":"default","site-sidebar-style":"default","ast-global-header-display":"","ast-banner-title-visibility":"","ast-main-header-display":"","ast-hfb-above-header-display":"","ast-hfb-below-header-display":"","ast-hfb-mobile-header-display":"","site-post-title":"","ast-breadcrumbs-content":"","ast-featured-img":"","footer-sml-layout":"","ast-disable-related-posts":"","theme-transparent-header-meta":"default","adv-header-id-meta":"","stick-header-meta":"","header-above-stick-meta":"","header-main-stick-meta":"","header-below-stick-meta":"","astra-migrate-meta-layouts":"default","ast-page-background-enabled":"default","ast-page-background-meta":{"desktop":{"background-color":"var(--ast-global-color-4)","background-image":"","background-repeat":"repeat","background-position":"center center","background-size":"auto","background-attachment":"scroll","background-type":"","background-media":"","overlay-type":"","overlay-color":"","overlay-opacity":"","overlay-gradient":""},"tablet":{"background-color":"","background-image":"","background-repeat":"repeat","background-position":"center center","background-size":"auto","background-attachment":"scroll","background-type":"","background-media":"","overlay-type":"","overlay-color":"","overlay-opacity":"","overlay-gradient":""},"mobile":{"background-color":"","background-image":"","background-repeat":"repeat","background-position":"center center","background-size":"auto","background-attachment":"scroll","background-type":"","background-media":"","overlay-type":"","overlay-color":"","overlay-opacity":"","overlay-gradient":""}},"ast-content-background-meta":{"desktop":{"background-color":"var(--ast-global-color-5)","background-image":"","background-repeat":"repeat","background-position":"center center","background-size":"auto","background-attachment":"scroll","background-type":"","background-media":"","overlay-type":"","overlay-color":"","overlay-opacity":"","overlay-gradient":""},"tablet":{"background-color":"var(--ast-global-color-5)","background-image":"","background-repeat":"repeat","background-position":"center center","background-size":"auto","background-attachment":"scroll","background-type":"","background-media":"","overlay-type":"","overlay-color":"","overlay-opacity":"","overlay-gradient":""},"mobile":{"background-color":"var(--ast-global-color-5)","background-image":"","background-repeat":"repeat","background-position":"center center","background-size":"auto","background-attachment":"scroll","background-type":"","background-media":"","overlay-type":"","overlay-color":"","overlay-opacity":"","overlay-gradient":""}}},"product_brand":[],"product_cat":[44],"product_tag":[],"class_list":{"0":"post-2393","1":"product","2":"type-product","3":"status-publish","4":"has-post-thumbnail","6":"product_cat-designs-et-logos","7":"desktop-align-left","8":"tablet-align-left","9":"mobile-align-left","11":"first","12":"instock","13":"featured","14":"taxable","15":"shipping-taxable","16":"product-type-simple"},"yoast_head":"<!-- This site is optimized with the Yoast SEO plugin v26.7 - https:\/\/yoast.com\/wordpress\/plugins\/seo\/ -->\n<title>Mise en page - MultiPub.re<\/title>\n<meta name=\"description\" content=\"Nous proposons un service de mise en page de qualit\u00e9 pour vous assurer que vos documents sont pr\u00e9sent\u00e9s de mani\u00e8re attractive et claire !\" \/>\n<meta name=\"robots\" content=\"index, follow, max-snippet:-1, max-image-preview:large, max-video-preview:-1\" \/>\n<link rel=\"canonical\" href=\"https:\/\/multipub.re\/index.php\/produit\/mise-en-page\/\" \/>\n<meta property=\"og:locale\" content=\"fr_FR\" \/>\n<meta property=\"og:type\" content=\"article\" \/>\n<meta property=\"og:title\" content=\"Mise en page - MultiPub.re\" \/>\n<meta property=\"og:description\" content=\"Nous proposons un service de mise en page de qualit\u00e9 pour vous assurer que vos documents sont pr\u00e9sent\u00e9s de mani\u00e8re attractive et claire !\" \/>\n<meta property=\"og:url\" content=\"https:\/\/multipub.re\/index.php\/produit\/mise-en-page\/\" \/>\n<meta property=\"og:site_name\" content=\"MultiPub.re\" \/>\n<meta property=\"article:publisher\" content=\"https:\/\/www.facebook.com\/multipub.re\" \/>\n<meta property=\"article:modified_time\" content=\"2023-05-16T11:34:30+00:00\" \/>\n<meta property=\"og:image\" content=\"https:\/\/multipub.re\/wp-content\/uploads\/2022\/12\/Capture-decran-2022-12-15-152037.jpg\" \/>\n\t<meta property=\"og:image:width\" content=\"429\" \/>\n\t<meta property=\"og:image:height\" content=\"399\" \/>\n\t<meta property=\"og:image:type\" content=\"image\/jpeg\" \/>\n<meta name=\"twitter:card\" content=\"summary_large_image\" \/>\n<meta name=\"twitter:label1\" content=\"Dur\u00e9e de lecture estim\u00e9e\" \/>\n\t<meta name=\"twitter:data1\" content=\"1 minute\" \/>\n<script type=\"application\/ld+json\" class=\"yoast-schema-graph\">{\"@context\":\"https:\/\/schema.org\",\"@graph\":[{\"@type\":\"WebPage\",\"@id\":\"https:\/\/multipub.re\/index.php\/produit\/mise-en-page\/\",\"url\":\"https:\/\/multipub.re\/index.php\/produit\/mise-en-page\/\",\"name\":\"Mise en page - MultiPub.re\",\"isPartOf\":{\"@id\":\"https:\/\/multipub.re\/#website\"},\"primaryImageOfPage\":{\"@id\":\"https:\/\/multipub.re\/index.php\/produit\/mise-en-page\/#primaryimage\"},\"image\":{\"@id\":\"https:\/\/multipub.re\/index.php\/produit\/mise-en-page\/#primaryimage\"},\"thumbnailUrl\":\"https:\/\/multipub.re\/wp-content\/uploads\/2022\/12\/Capture-decran-2022-12-15-152037.jpg\",\"datePublished\":\"2022-12-15T10:33:00+00:00\",\"dateModified\":\"2023-05-16T11:34:30+00:00\",\"description\":\"Nous proposons un service de mise en page de qualit\u00e9 pour vous assurer que vos documents sont pr\u00e9sent\u00e9s de mani\u00e8re attractive et claire !\",\"breadcrumb\":{\"@id\":\"https:\/\/multipub.re\/index.php\/produit\/mise-en-page\/#breadcrumb\"},\"inLanguage\":\"fr-FR\",\"potentialAction\":[{\"@type\":\"ReadAction\",\"target\":[\"https:\/\/multipub.re\/index.php\/produit\/mise-en-page\/\"]}]},{\"@type\":\"ImageObject\",\"inLanguage\":\"fr-FR\",\"@id\":\"https:\/\/multipub.re\/index.php\/produit\/mise-en-page\/#primaryimage\",\"url\":\"https:\/\/multipub.re\/wp-content\/uploads\/2022\/12\/Capture-decran-2022-12-15-152037.jpg\",\"contentUrl\":\"https:\/\/multipub.re\/wp-content\/uploads\/2022\/12\/Capture-decran-2022-12-15-152037.jpg\",\"width\":429,\"height\":399,\"caption\":\"Donnez \u00e0 vos documents une pr\u00e9sentation professionnelle gr\u00e2ce \u00e0 notre service de mise en page\"},{\"@type\":\"BreadcrumbList\",\"@id\":\"https:\/\/multipub.re\/index.php\/produit\/mise-en-page\/#breadcrumb\",\"itemListElement\":[{\"@type\":\"ListItem\",\"position\":1,\"name\":\"Accueil\",\"item\":\"https:\/\/multipub.re\/\"},{\"@type\":\"ListItem\",\"position\":2,\"name\":\"Boutique\",\"item\":\"https:\/\/multipub.re\/index.php\/boutique\/\"},{\"@type\":\"ListItem\",\"position\":3,\"name\":\"Mise en page\"}]},{\"@type\":\"WebSite\",\"@id\":\"https:\/\/multipub.re\/#website\",\"url\":\"https:\/\/multipub.re\/\",\"name\":\"MultiPub.re - Votre partenaire publicitaire \u00e0 la R\u00e9union\",\"description\":\"Votre partenaire publicitaire\",\"publisher\":{\"@id\":\"https:\/\/multipub.re\/#organization\"},\"potentialAction\":[{\"@type\":\"SearchAction\",\"target\":{\"@type\":\"EntryPoint\",\"urlTemplate\":\"https:\/\/multipub.re\/?s={search_term_string}\"},\"query-input\":{\"@type\":\"PropertyValueSpecification\",\"valueRequired\":true,\"valueName\":\"search_term_string\"}}],\"inLanguage\":\"fr-FR\"},{\"@type\":\"Organization\",\"@id\":\"https:\/\/multipub.re\/#organization\",\"name\":\"MultiPub.re - Votre partenaire publicitaire \u00e0 la R\u00e9union\",\"url\":\"https:\/\/multipub.re\/\",\"logo\":{\"@type\":\"ImageObject\",\"inLanguage\":\"fr-FR\",\"@id\":\"https:\/\/multipub.re\/#\/schema\/logo\/image\/\",\"url\":\"https:\/\/i0.wp.com\/multipub.re\/wp-content\/uploads\/2022\/06\/logo-couleur-noir.png?fit=261%2C117&ssl=1\",\"contentUrl\":\"https:\/\/i0.wp.com\/multipub.re\/wp-content\/uploads\/2022\/06\/logo-couleur-noir.png?fit=261%2C117&ssl=1\",\"width\":261,\"height\":117,\"caption\":\"MultiPub.re - Votre partenaire publicitaire \u00e0 la R\u00e9union\"},\"image\":{\"@id\":\"https:\/\/multipub.re\/#\/schema\/logo\/image\/\"},\"sameAs\":[\"https:\/\/www.facebook.com\/multipub.re\",\"https:\/\/www.instagram.com\/multipub.re\"]}]}<\/script>\n<!-- \/ Yoast SEO plugin. -->","yoast_head_json":{"title":"Mise en page - MultiPub.re","description":"Nous proposons un service de mise en page de qualit\u00e9 pour vous assurer que vos documents sont pr\u00e9sent\u00e9s de mani\u00e8re attractive et claire !","robots":{"index":"index","follow":"follow","max-snippet":"max-snippet:-1","max-image-preview":"max-image-preview:large","max-video-preview":"max-video-preview:-1"},"canonical":"https:\/\/multipub.re\/index.php\/produit\/mise-en-page\/","og_locale":"fr_FR","og_type":"article","og_title":"Mise en page - MultiPub.re","og_description":"Nous proposons un service de mise en page de qualit\u00e9 pour vous assurer que vos documents sont pr\u00e9sent\u00e9s de mani\u00e8re attractive et claire !","og_url":"https:\/\/multipub.re\/index.php\/produit\/mise-en-page\/","og_site_name":"MultiPub.re","article_publisher":"https:\/\/www.facebook.com\/multipub.re","article_modified_time":"2023-05-16T11:34:30+00:00","og_image":[{"width":429,"height":399,"url":"https:\/\/multipub.re\/wp-content\/uploads\/2022\/12\/Capture-decran-2022-12-15-152037.jpg","type":"image\/jpeg"}],"twitter_card":"summary_large_image","twitter_misc":{"Dur\u00e9e de lecture estim\u00e9e":"1 minute"},"schema":{"@context":"https:\/\/schema.org","@graph":[{"@type":"WebPage","@id":"https:\/\/multipub.re\/index.php\/produit\/mise-en-page\/","url":"https:\/\/multipub.re\/index.php\/produit\/mise-en-page\/","name":"Mise en page - MultiPub.re","isPartOf":{"@id":"https:\/\/multipub.re\/#website"},"primaryImageOfPage":{"@id":"https:\/\/multipub.re\/index.php\/produit\/mise-en-page\/#primaryimage"},"image":{"@id":"https:\/\/multipub.re\/index.php\/produit\/mise-en-page\/#primaryimage"},"thumbnailUrl":"https:\/\/multipub.re\/wp-content\/uploads\/2022\/12\/Capture-decran-2022-12-15-152037.jpg","datePublished":"2022-12-15T10:33:00+00:00","dateModified":"2023-05-16T11:34:30+00:00","description":"Nous proposons un service de mise en page de qualit\u00e9 pour vous assurer que vos documents sont pr\u00e9sent\u00e9s de mani\u00e8re attractive et claire !","breadcrumb":{"@id":"https:\/\/multipub.re\/index.php\/produit\/mise-en-page\/#breadcrumb"},"inLanguage":"fr-FR","potentialAction":[{"@type":"ReadAction","target":["https:\/\/multipub.re\/index.php\/produit\/mise-en-page\/"]}]},{"@type":"ImageObject","inLanguage":"fr-FR","@id":"https:\/\/multipub.re\/index.php\/produit\/mise-en-page\/#primaryimage","url":"https:\/\/multipub.re\/wp-content\/uploads\/2022\/12\/Capture-decran-2022-12-15-152037.jpg","contentUrl":"https:\/\/multipub.re\/wp-content\/uploads\/2022\/12\/Capture-decran-2022-12-15-152037.jpg","width":429,"height":399,"caption":"Donnez \u00e0 vos documents une pr\u00e9sentation professionnelle gr\u00e2ce \u00e0 notre service de mise en page"},{"@type":"BreadcrumbList","@id":"https:\/\/multipub.re\/index.php\/produit\/mise-en-page\/#breadcrumb","itemListElement":[{"@type":"ListItem","position":1,"name":"Accueil","item":"https:\/\/multipub.re\/"},{"@type":"ListItem","position":2,"name":"Boutique","item":"https:\/\/multipub.re\/index.php\/boutique\/"},{"@type":"ListItem","position":3,"name":"Mise en page"}]},{"@type":"WebSite","@id":"https:\/\/multipub.re\/#website","url":"https:\/\/multipub.re\/","name":"MultiPub.re - Votre partenaire publicitaire \u00e0 la R\u00e9union","description":"Votre partenaire publicitaire","publisher":{"@id":"https:\/\/multipub.re\/#organization"},"potentialAction":[{"@type":"SearchAction","target":{"@type":"EntryPoint","urlTemplate":"https:\/\/multipub.re\/?s={search_term_string}"},"query-input":{"@type":"PropertyValueSpecification","valueRequired":true,"valueName":"search_term_string"}}],"inLanguage":"fr-FR"},{"@type":"Organization","@id":"https:\/\/multipub.re\/#organization","name":"MultiPub.re - Votre partenaire publicitaire \u00e0 la R\u00e9union","url":"https:\/\/multipub.re\/","logo":{"@type":"ImageObject","inLanguage":"fr-FR","@id":"https:\/\/multipub.re\/#\/schema\/logo\/image\/","url":"https:\/\/i0.wp.com\/multipub.re\/wp-content\/uploads\/2022\/06\/logo-couleur-noir.png?fit=261%2C117&ssl=1","contentUrl":"https:\/\/i0.wp.com\/multipub.re\/wp-content\/uploads\/2022\/06\/logo-couleur-noir.png?fit=261%2C117&ssl=1","width":261,"height":117,"caption":"MultiPub.re - Votre partenaire publicitaire \u00e0 la R\u00e9union"},"image":{"@id":"https:\/\/multipub.re\/#\/schema\/logo\/image\/"},"sameAs":["https:\/\/www.facebook.com\/multipub.re","https:\/\/www.instagram.com\/multipub.re"]}]}},"_links":{"self":[{"href":"https:\/\/multipub.re\/index.php\/wp-json\/wp\/v2\/product\/2393","targetHints":{"allow":["GET"]}}],"collection":[{"href":"https:\/\/multipub.re\/index.php\/wp-json\/wp\/v2\/product"}],"about":[{"href":"https:\/\/multipub.re\/index.php\/wp-json\/wp\/v2\/types\/product"}],"wp:featuredmedia":[{"embeddable":true,"href":"https:\/\/multipub.re\/index.php\/wp-json\/wp\/v2\/media\/2411"}],"wp:attachment":[{"href":"https:\/\/multipub.re\/index.php\/wp-json\/wp\/v2\/media?parent=2393"}],"wp:term":[{"taxonomy":"product_brand","embeddable":true,"href":"https:\/\/multipub.re\/index.php\/wp-json\/wp\/v2\/product_brand?post=2393"},{"taxonomy":"product_cat","embeddable":true,"href":"https:\/\/multipub.re\/index.php\/wp-json\/wp\/v2\/product_cat?post=2393"},{"taxonomy":"product_tag","embeddable":true,"href":"https:\/\/multipub.re\/index.php\/wp-json\/wp\/v2\/product_tag?post=2393"}],"curies":[{"name":"wp","href":"https:\/\/api.w.org\/{rel}","templated":true}]}}